11417?
7
What is the units digit of 363?
3
What is the tens digit of 25720?
2
What is the tens digit of 1842?
4
What is the tens digit of 69932?
3
What is the hundreds digit of 9555?
5
What is the hundreds digit of 3648?
6
What is the tens digit of 1598?
9
What is the tens digit of 1545?
4
What is the thousands digit of 29961?
9
What is the hundreds digit of 4463?
4
What is the thousands digit of 1573?
1
What is the tens digit of 870?
7
What is the tens digit of 18874?
7
What is the units digit of 1968?
8
What is the tens digit of 3092?
9
What is the tens digit of 1050?
5
What is the units digit of 199?
9
What is the hundreds digit of 880?
8
What is the units digit of 1234?
4
What is the hundreds digit of 2428?
4
What is the thousands digit of 17664?
7
What is the units digit of 45038?
8
What is the units digit of 935?
5
What is the thousands digit of 14135?
4
What is the hundreds digit of 183?
1
What is the hundreds digit of 955?
9
What is the tens digit of 20196?
9
What is the units digit of 538?
8
What is the ten thousands digit of 16955?
1
What is the thousands digit of 1144?
1
What is the tens digit of 13135?
3
What is the hundreds digit of 63001?
0
What is the thousands digit of 2393?
2
What is the hundreds digit of 29516?
5
What is the units digit of 11213?
3
What is the units digit of 5023?
3
What is the hundreds digit of 4124?
1
What is the tens digit of 7049?
4
What is the tens digit of 15226?
2
What is the hundreds digit of 8098?
0
What is the units digit of 1657?
7
What is the tens digit of 1993?
9
What is the tens digit of 63529?
2
What is the tens digit of 16721?
2
What is the tens digit of 8485?
8
What is the units digit of 638?
8
What is the thousands digit of 7207?
7
What is the thousands digit of 15923?
5
What is the units digit of 2075?
5
What is the units digit of 13510?
0
What is the tens digit of 30992?
9
What is the hundreds digit of 21493?
4
What is the units digit of 11702?
2
What is the tens digit of 6012?
1
What is the tens digit of 13894?
9
What is the tens digit of 37?
3
What is the hundreds digit of 890?
8
What is the thousands digit of 2834?
2
What is the thousands digit of 48736?
8
What is the thousands digit of 9198?
9
What is the ten thousands digit of 76208?
7
What is the tens digit of 27595?
9
What is the tens digit of 2678?
7
What is the units digit of 31626?
6
What is the tens digit of 20706?
0
What is the tens digit of 3674?
7
What is the ten thousands digit of 27514?
2
What is the ten thousands digit of 44404?
4
What is the thousands digit of 1076?
1
What is the units digit of 2841?
1
What is the hundreds digit of 139446?
4
What is the thousands digit of 2677?
2
What is the thousands digit of 4120?
4
What is the thousands digit of 19321?
9
What is the tens digit of 4681?
8
What is the thousands digit of 4844?
4
What is the hundreds digit of 1182?
1
What is the hundreds digit of 4597?
5
What is the units digit of 7582?
2
What is the tens digit of 14902?
0
What is the thousands digit of 1516?
1
What is the ten thousands digit of 169920?
6
What is the tens digit of 1152?
5
What is the hundreds digit of 1466?
4
What is the hundreds digit of 3313?
3
What is the hundreds digit of 1195?
1
What is the units digit of 1372?
2
What is the units digit of 2018?
8
What is the tens digit of 1561?
6
What is the thousands digit of 23329?
3
What is the tens digit of 44335?
3
What is the hundreds digit of 427?
4
What is the units digit of 840?
0
What is the thousands digit of 24042?
4
What is the ten thousands digit of 33966?
3
What is the thousands digit of 3996?
3
What is the tens digit of 1141?
4
What is the hundreds digit of 16452?
4
What is the hundreds digit of 68843?
8
What is the thousands digit of 3234?
3
What is the units digit of 1841?
1
What is the tens digit of 4460?
6
What is the ten thousands digit of 16362?
1
What is the units digit of 5561?
1
What is the ten thousands digit of 28398?
2
What is the tens digit of 2355?
5
What is the hundreds digit of 11363?
3
What is the units digit of 948?
8
What is the tens digit of 359?
5
What is the thousands digit of 1884?
1
What is the thousands digit of 20766?
0
What is the thousands digit of 6844?
6
What is the units digit of 273?
3
What is the units digit of 2258?
8
What is the tens digit of 37480?
8
What is the thousands digit of 1442?
1
What is the thousands digit of 61732?
1
What is the units digit of 936?
6
What is the thousands digit of 1323?
1
What is the hundreds digit of 4722?
7
What is the thousands digit of 2272?
2
What is the units digit of 7119?
9
What is the units digit of 880?
0
What is the units digit of 728?
8
What is the hundreds digit of 5560?
5
What is the tens digit of 488?
8
What is the hundreds digit of 37225?
2
What is the hundreds digit of 483?
4
What is the tens digit of 4692?
9
What is the hundreds digit of 39403?
4
What is the tens digit of 209?
0
What is the thousands digit of 1486?
1
What is the hundreds digit of 550?
5
What is the units digit of 32943?
3
What is the units digit of 9673?
3
What is the hundreds digit of 6884?
8
What is the hundreds digit of 214?
2
What is the ten thousands digit of 103216?
0
What is the tens digit of 2121?
2
What is the units digit of 2727?
7
What is the tens digit of 381?
8
What is the units digit of 489?
9
What is the hundreds digit of 8387?
3
What is the hundreds digit of 2131?
1
What is the tens digit of 20024?
2
What is the thousands digit of 3605?
3
What is the units digit of 1258?
8
What is the thousands digit of 19710?
9
What is the tens digit of 3322?
2
What is the thousands digit of 50900?
0
What is the hundreds digit of 1097?
0
What is the thousands digit of 1506?
1
What is the tens digit of 917?
1
What is the thousands digit of 6166?
6
What is the hundreds digit of 15310?
3
What is the units digit of 177?
7
What is the thousands digit of 9716?
9
What is the tens digit of 847?
4
What is the hundreds digit of 2180?
1
What is the hundreds digit of 3980?
9
What is the units digit of 75877?
7
What is the thousands digit of 1301?
1
What is the thousands digit of 4883?
4
What is the thousands digit of 6361?
6
What is the tens digit of 733?
3
What is the units digit of 3383?
3
What is the hundreds digit of 27127?
1
What is the units digit of 18933?
3
What is the hundreds digit of 2710?
7
What is the tens digit of 1785?
8
What is the units digit of 727?
7
What is the hundreds digit of 12064?
0
What is the thousands digit of 20800?
0
What is the hundreds digit of 760?
7
What is the hundreds digit of 2456?
4
What is the units digit of 716?
6
What is the units digit of 7207?
7
What is the units digit of 2056?
6
What is the hundreds digit of 2776?
7
What is the hundreds digit of 13000?
0
What is the hundreds digit of 44285?
2
What is the thousands digit of 54523?
4
What is the thousands digit of 1799?
1
What is the hundreds digit of 9129?
1
What is the ten thousands digit of 24209?
2
What is the units digit of 6?
6
What is the units digit of 2459?
9
What is the hundreds digit of 10439?
4
What is the hundreds digit of 428?
4
What is the tens digit of 591?
9
What is the units digit of 14563?
3
What is the units digit of 13428?
8
What is the hundreds digit of 3806?
8
What is the tens digit of 619?
1
What is the tens digit of 7622?
2
What is the thousands digit of 5798?
5
What is the tens digit of 2731?
3
What is the units digit of 2748?
8
What is the hundreds digit of 116?
1
What is the hundreds digit of 25553?
5
What is the hundreds digit of 131393?
3
What is the thousands digit of 9286?
9
What is the thousands digit of 3974?
3
What is the tens digit of 1138?
3
What is the units digit of 556?
6
What is the hundreds digit of 13784?
7
What is the hundreds digit of 6338?
3
What is the hundreds digit of 48715?
7
What is the units digit of 1662?
2
What is the tens digit of 1088?
8
What is the tens digit of 2601?
0
What is the thousands digit of 1104?
1
What is the tens digit of 150?
5
What is the units digit of 1049?
9
What is the units digit of 1641?
1
What is the thousands digit of 7633?
7
What is the tens digit of 1210?
1
What is the thousands digit of 6252?
6
What is the hundreds digit of 341?
3
What is the units digit of 3247?
7
What is the hundreds digit of 1405?
4
What is the tens digit of 2458?
5
Wha